{"id":3697,"date":"2017-09-11T17:25:34","date_gmt":"2017-09-11T15:25:34","guid":{"rendered":"http:\/\/serwer1749695.home.pl\/?page_id=3697"},"modified":"2024-03-19T13:37:05","modified_gmt":"2024-03-19T12:37:05","slug":"lona-konieczny-krupa","status":"publish","type":"page","link":"https:\/\/kalejdoskoprecords.com\/?page_id=3697","title":{"rendered":"\u0141ona\/Konieczny\/Krupa"},"content":{"rendered":"<p><a href=\"https:\/\/kalejdoskoprecords.com\/wp-content\/uploads\/2024\/03\/C74B4638-scaled.jpeg\"><img loading=\"lazy\" decoding=\"async\" class=\"aligncenter wp-image-15022 \" src=\"https:\/\/kalejdoskoprecords.com\/wp-content\/uploads\/2024\/03\/C74B4638-1024x683.jpeg\" alt=\"\" width=\"671\" height=\"447\" srcset=\"https:\/\/kalejdoskoprecords.com\/wp-content\/uploads\/2024\/03\/C74B4638-1024x683.jpeg 1024w, https:\/\/kalejdoskoprecords.com\/wp-content\/uploads\/2024\/03\/C74B4638-300x200.jpeg 300w, https:\/\/kalejdoskoprecords.com\/wp-content\/uploads\/2024\/03\/C74B4638-768x512.jpeg 768w, https:\/\/kalejdoskoprecords.com\/wp-content\/uploads\/2024\/03\/C74B4638-1536x1024.jpeg 1536w, https:\/\/kalejdoskoprecords.com\/wp-content\/uploads\/2024\/03\/C74B4638-2048x1365.jpeg 2048w, https:\/\/kalejdoskoprecords.com\/wp-content\/uploads\/2024\/03\/C74B4638-750x500.jpeg 750w, https:\/\/kalejdoskoprecords.com\/wp-content\/uploads\/2024\/03\/C74B4638-400x267.jpeg 400w, https:\/\/kalejdoskoprecords.com\/wp-content\/uploads\/2024\/03\/C74B4638-430x287.jpeg 430w, https:\/\/kalejdoskoprecords.com\/wp-content\/uploads\/2024\/03\/C74B4638-150x100.jpeg 150w, https:\/\/kalejdoskoprecords.com\/wp-content\/uploads\/2024\/03\/C74B4638-100x67.jpeg 100w, https:\/\/kalejdoskoprecords.com\/wp-content\/uploads\/2024\/03\/C74B4638-800x533.jpeg 800w\" sizes=\"auto, (max-width: 671px) 100vw, 671px\" \/><\/a><\/p>\n<p align=\"CENTER\">\u0141ona\/Konieczny\/Krupa<\/p>\n<p>\u0141ona x Konieczny x Krupa to kooperacja szczeci\u0144skiego rapera z Andrzejem Koniecznym i Kacprem Krup\u0105 \u2014 muzykami ze sk\u0142adu Siema Ziemia. Ich debiutancki materia\u0142 \u201eTAXI\u201d opowiada o \u015bwiecie widzianym zza szyby taks\u00f3wki i jest zapisem transformacji kulturowej ostatnich trzech dekad. \u0141ona przygl\u0105da si\u0119 spo\u0142ecznym nastrojom z uwa\u017cno\u015bci\u0105 dokumentalisty; w tekstach si\u0119ga po autentyczne historie taks\u00f3wkarzy, taks\u00f3wkarek i ich pasa\u017cer\u00f3w. S\u0105 tu wi\u0119c elementy reporta\u017cu, jest osobista refleksja o \u015bwiecie ukryta w taks\u00f3wkowym uniwersum, jest wreszcie poetyka nocy obecna w intryguj\u0105cej muzyce Koniecznego i Krupy. Pocz\u0105tek projektu si\u0119ga 2020 roku i festiwalu sztuk spo\u0142ecznych OFF Opera. W\u00f3wczas \u0141ona razem z Zuz\u0105 G\u0142owack\u0105 przeprowadzili seri\u0119 wywiad\u00f3w z pozna\u0144skimi taks\u00f3wkarzami i taks\u00f3wkarkami. Rozmowy te \u2014 czasami powierzchowne, czasem g\u0142\u0119bokie \u2014 sta\u0142y si\u0119 punktem wyj\u015bcia dla konceptualnego albumu, kt\u00f3ry uka\u017ce si\u0119 jesieni\u0105 tego roku.<\/p>\n<p><span style=\"color: #222222\"><span style=\"font-family: Verdana, sans-serif\"><span style=\"font-size: medium\">YT: <a href=\"https:\/\/www.youtube.com\/watch?v=uMyVqU7KNN0&amp;list=PL1Lm9olWSvpifxOPQ96xZWcdozkCtiPpW&amp;pp=iAQB\">KLIK<\/a>\u00a0<\/span><\/span><\/span><\/p>\n<p><u><\/u><span style=\"color: #222222\"><span style=\"font-family: Verdana, sans-serif\"><span style=\"font-size: medium\">\u200b<\/span><\/span><\/span><\/p>\n","protected":false},"excerpt":{"rendered":"<p>\u0141ona\/Konieczny\/Krupa \u0141ona x Konieczny x Krupa to kooperacja szczeci\u0144skiego rapera z Andrzejem Koniecznym i Kacprem Krup\u0105 \u2014 muzykami ze sk\u0142adu Siema Ziemia. Ich debiutancki materia\u0142 \u201eTAXI\u201d opowiada o \u015bwiecie widzianym zza szyby taks\u00f3wki i jest [&hellip;]<\/p>\n","protected":false},"author":1,"featured_media":0,"parent":12,"menu_order":0,"comment_status":"closed","ping_status":"closed","template":"","meta":{"footnotes":""},"class_list":["post-3697","page","type-page","status-publish","hentry"],"_links":{"self":[{"href":"https:\/\/kalejdoskoprecords.com\/index.php?rest_route=\/wp\/v2\/pages\/3697","targetHints":{"allow":["GET"]}}],"collection":[{"href":"https:\/\/kalejdoskoprecords.com\/index.php?rest_route=\/wp\/v2\/pages"}],"about":[{"href":"https:\/\/kalejdoskoprecords.com\/index.php?rest_route=\/wp\/v2\/types\/page"}],"author":[{"embeddable":true,"href":"https:\/\/kalejdoskoprecords.com\/index.php?rest_route=\/wp\/v2\/users\/1"}],"replies":[{"embeddable":true,"href":"https:\/\/kalejdoskoprecords.com\/index.php?rest_route=%2Fwp%2Fv2%2Fcomments&post=3697"}],"version-history":[{"count":6,"href":"https:\/\/kalejdoskoprecords.com\/index.php?rest_route=\/wp\/v2\/pages\/3697\/revisions"}],"predecessor-version":[{"id":15025,"href":"https:\/\/kalejdoskoprecords.com\/index.php?rest_route=\/wp\/v2\/pages\/3697\/revisions\/15025"}],"up":[{"embeddable":true,"href":"https:\/\/kalejdoskoprecords.com\/index.php?rest_route=\/wp\/v2\/pages\/12"}],"wp:attachment":[{"href":"https:\/\/kalejdoskoprecords.com\/index.php?rest_route=%2Fwp%2Fv2%2Fmedia&parent=3697"}],"curies":[{"name":"wp","href":"https:\/\/api.w.org\/{rel}","templated":true}]}}

Łona/Konieczny/Krupa

<p><a href="https://kalejdoskoprecords.com/wp-content/uploads/2024/03/C74B4638-scaled.jpeg"><img loading="lazy" decoding="async" class="aligncenter wp-image-15022 " src="https://kalejdoskoprecords.com/wp-content/uploads/2024/03/C74B4638-1024x683.jpeg" alt="" width="671" height="447" srcset="https://kalejdoskoprecords.com/wp-content/uploads/2024/03/C74B4638-1024x683.jpeg 1024w, https://kalejdoskoprecords.com/wp-content/uploads/2024/03/C74B4638-300x200.jpeg 300w, https://kalejdoskoprecords.com/wp-content/uploads/2024/03/C74B4638-768x512.jpeg 768w, https://kalejdoskoprecords.com/wp-content/uploads/2024/03/C74B4638-1536x1024.jpeg 1536w, https://kalejdoskoprecords.com/wp-content/uploads/2024/03/C74B4638-2048x1365.jpeg 2048w, https://kalejdoskoprecords.com/wp-content/uploads/2024/03/C74B4638-750x500.jpeg 750w, https://kalejdoskoprecords.com/wp-content/uploads/2024/03/C74B4638-400x267.jpeg 400w, https://kalejdoskoprecords.com/wp-content/uploads/2024/03/C74B4638-430x287.jpeg 430w, https://kalejdoskoprecords.com/wp-content/uploads/2024/03/C74B4638-150x100.jpeg 150w, https://kalejdoskoprecords.com/wp-content/uploads/2024/03/C74B4638-100x67.jpeg 100w, https://kalejdoskoprecords.com/wp-content/uploads/2024/03/C74B4638-800x533.jpeg 800w" sizes="auto, (max-width: 671px) 100vw, 671px" /></a></p>
<p align="CENTER">Łona/Konieczny/Krupa</p>
<p>Łona x Konieczny x Krupa to kooperacja szczecińskiego rapera z Andrzejem Koniecznym i Kacprem Krupą — muzykami ze składu Siema Ziemia. Ich debiutancki materiał „TAXI” opowiada o świecie widzianym zza szyby taksówki i jest zapisem transformacji kulturowej ostatnich trzech dekad. Łona przygląda się społecznym nastrojom z uważnością dokumentalisty; w tekstach sięga po autentyczne historie taksówkarzy, taksówkarek i ich pasażerów. Są tu więc elementy reportażu, jest osobista refleksja o świecie ukryta w taksówkowym uniwersum, jest wreszcie poetyka nocy obecna w intrygującej muzyce Koniecznego i Krupy. Początek projektu sięga 2020 roku i festiwalu sztuk społecznych OFF Opera. Wówczas Łona razem z Zuzą Głowacką przeprowadzili serię wywiadów z poznańskimi taksówkarzami i taksówkarkami. Rozmowy te — czasami powierzchowne, czasem głębokie — stały się punktem wyjścia dla konceptualnego albumu, który ukaże się jesienią tego roku.</p>
<p><span style="color: #222222"><span style="font-family: Verdana, sans-serif"><span style="font-size: medium">YT: <a href="https://www.youtube.com/watch?v=uMyVqU7KNN0&amp;list=PL1Lm9olWSvpifxOPQ96xZWcdozkCtiPpW&amp;pp=iAQB">KLIK</a> </span></span></span></p>
<p><u></u><span style="color: #222222"><span style="font-family: Verdana, sans-serif"><span style="font-size: medium">​</span></span></span></p>

<p>Łona/Konieczny/Krupa Łona x Konieczny x Krupa to kooperacja szczecińskiego rapera z Andrzejem Koniecznym i Kacprem Krupą — muzykami ze składu Siema Ziemia. Ich debiutancki materiał „TAXI” opowiada o świecie widzianym zza szyby taksówki i jest [&hellip;]</p>
