{"id":396,"date":"2016-03-13T23:06:14","date_gmt":"2016-03-13T22:06:14","guid":{"rendered":"http:\/\/serwer1749695.home.pl\/?page_id=396"},"modified":"2024-03-21T11:26:04","modified_gmt":"2024-03-21T10:26:04","slug":"bitamina","status":"publish","type":"page","link":"https:\/\/kalejdoskoprecords.com\/?page_id=396","title":{"rendered":"Siema Ziemia"},"content":{"rendered":"\n<p>Elektroakustyczny kwartet czerpi\u0105cy energi\u0119 z kolektywnej improwizacji.<br>Muzyka Siema Ziemia swobodnie czerpie z gatunk\u00f3w o elektronicznych korzeniach<br>takich jak breakbeat, techno, footwork\/juke \u0142\u0105cz\u0105c je z jazzow\u0105 improwizacj\u0105.<\/p>\n\n\n\n<figure class=\"wp-block-image size-large\"><img loading=\"lazy\" decoding=\"async\" width=\"1024\" height=\"683\" src=\"https:\/\/kalejdoskoprecords.com\/wp-content\/uploads\/2024\/03\/photo3-Myra_Ida-van-der-Veen-1024x683.jpeg\" alt=\"\" class=\"wp-image-15036\" srcset=\"https:\/\/kalejdoskoprecords.com\/wp-content\/uploads\/2024\/03\/photo3-Myra_Ida-van-der-Veen-1024x683.jpeg 1024w, https:\/\/kalejdoskoprecords.com\/wp-content\/uploads\/2024\/03\/photo3-Myra_Ida-van-der-Veen-300x200.jpeg 300w, https:\/\/kalejdoskoprecords.com\/wp-content\/uploads\/2024\/03\/photo3-Myra_Ida-van-der-Veen-768x512.jpeg 768w, https:\/\/kalejdoskoprecords.com\/wp-content\/uploads\/2024\/03\/photo3-Myra_Ida-van-der-Veen-1536x1024.jpeg 1536w, https:\/\/kalejdoskoprecords.com\/wp-content\/uploads\/2024\/03\/photo3-Myra_Ida-van-der-Veen-2048x1365.jpeg 2048w, https:\/\/kalejdoskoprecords.com\/wp-content\/uploads\/2024\/03\/photo3-Myra_Ida-van-der-Veen-750x500.jpeg 750w, https:\/\/kalejdoskoprecords.com\/wp-content\/uploads\/2024\/03\/photo3-Myra_Ida-van-der-Veen-400x267.jpeg 400w, https:\/\/kalejdoskoprecords.com\/wp-content\/uploads\/2024\/03\/photo3-Myra_Ida-van-der-Veen-430x287.jpeg 430w, https:\/\/kalejdoskoprecords.com\/wp-content\/uploads\/2024\/03\/photo3-Myra_Ida-van-der-Veen-150x100.jpeg 150w, https:\/\/kalejdoskoprecords.com\/wp-content\/uploads\/2024\/03\/photo3-Myra_Ida-van-der-Veen-100x67.jpeg 100w, https:\/\/kalejdoskoprecords.com\/wp-content\/uploads\/2024\/03\/photo3-Myra_Ida-van-der-Veen-800x533.jpeg 800w\" sizes=\"auto, (max-width: 1024px) 100vw, 1024px\" \/><\/figure>\n\n\n\n<p>Fot. Myra Ida van der Veen<\/p>\n\n\n\n<p>Utwory Siema Ziemia by\u0142y prezentowane w takich stacjach radiowych jak BBC 6,<br>Worldwide.fm, Narr Radio, Polskie Radio Dw\u00f3jka, Polskie Radio Czw\u00f3rka, Radio Jazz.fm,<br>Paranoise Radio, Radio Alhara, Melodic Distraction [ID miesi\u0105ca], czy na oficjalnych<br>playlistach Spotify: State of Jazz, 21st Century Jazz, The New Vanguard of Polish Jazz,<br>Alternatywna Polska, Fresh Finds w\u015br\u00f3d takich artyst\u00f3w jak Kamasi Washington czy<br>Comet is Coming.<br>Wyst\u0119powali mi\u0119dzy innymi na London Jazz Festival, Warsaw Summer Jazz Days,<br>Soundrive Festival, Amsterdam Dance Event, Jazz Jamboree a tak\u017ce w takich miejscach<br>jak NFM, NOSPR, Jassmine, Le Periscope (FR) czy Bimhuis (NL).<br><\/p>\n\n\n\n<p class=\"has-text-align-left\" style=\"font-style:normal;font-weight:400\">Kacper Krupa &#8211; sax, synths <\/p>\n\n\n\n<p class=\"has-text-align-left\" style=\"font-style:normal;font-weight:400\">Wuja HZG &#8211; bass, moog<br>Fryderyk Szulgit &#8211; guitar, synth <\/p>\n\n\n\n<p class=\"has-text-align-left\" style=\"font-style:normal;font-weight:400\">Konieczny &#8211; drums, synths<\/p>\n\n\n\n<p><\/p>\n\n\n\n<p><\/p>\n\n\n\n<p>[\u2026] w Polsce nie widz\u0119 wielkiej konkurencji w takim stylu grania. Ale tym, co jest tu<br>kropk\u0105 na \u201ei\u201d, wykracza poza orbit\u0119 por\u00f3wna\u0144 i inspiracji, s\u0105 umiej\u0119tno\u015bci<br>kszta\u0142towania brzmienia przez ca\u0142\u0105 czw\u00f3rk\u0119 w procesie improwizacji.<br>Mamy do czynienia z bytem gdzie\u015b z przeci\u0119cia sceny jazzowej i elektronicznej<br>sceny tanecznej. A w najlepszych momentach \u2013 nie wiadomo ju\u017c dok\u0142adnie sk\u0105d.<\/p>\n\n\n\n<p>Bartek Chaci\u0144ski \/ polifonia.blog.polityka.pl\/<br>\u2014\u2014\u2014\u2014\u2014\u2014<br>Czterdzie\u015bci trzy minuty drugiego longplay\u2019a Siema Ziemi to naszpikowana<br>pomys\u0142ami i finezj\u0105 wykonawcz\u0105 podr\u00f3\u017c przez pot\u0119\u017cn\u0105 ilo\u015b\u0107 prze\u017cy\u0107<br>Bartek Woynicz \/ Nowamuzyka.pl<br>\u2014\u2014\u2014\u2014\u2014\u2014<br>R\u00f3\u017cnorodno\u015b\u0107 podj\u0119tych w\u0105tk\u00f3w obezw\u0142adnia, ale te\u017c stanowi o sile tego<br>wydawnictwa, bo mimo \u017ce ka\u017cdy utw\u00f3r wywodzi si\u0119 z nieco innej parafii, to ca\u0142o\u015b\u0107<br>\u015bwietnie si\u0119 skleja i wszystkie te planety do siebie pasuj\u0105.<br>Du\u017co si\u0119 tu dzieje, a jednocze\u015bnie nie ma miejsca na nud\u0119 i gdy ju\u017c wydaje si\u0119, \u017ce<br>nic nas nie zaskoczy, to muzycy wyskakuj\u0105 z kolejnym pomys\u0142em, wykr\u0119caj\u0105c<br>brzmienie pobudzaj\u0105ce wyobra\u017ani\u0119 jak hollywoodzkie filmy o podr\u00f3\u017cach<br>mi\u0119dzygwiezdnych.<br>Piotr Ch\u0119ci\u0144ski \/ przesyt.substack.com<\/p>\n\n\n\n<p><\/p>\n\n\n\n<p><\/p>\n\n\n\n<p>Website: https:\/\/www.siemaziemia.com \/\/\/ https:\/\/www.instagram.com\/siemaziemia\/<br>Booking: siemaziemia@protonmail.com \/ dk@kalejdoskoprecords.com<br>Dawid +48 695 730 370 \/ Kacper +48 530 876 368<\/p>\n","protected":false},"excerpt":{"rendered":"<p>Elektroakustyczny kwartet czerpi\u0105cy energi\u0119 z kolektywnej improwizacji.Muzyka Siema Ziemia swobodnie czerpie z gatunk\u00f3w o elektronicznych korzeniachtakich jak breakbeat, techno, footwork\/juke \u0142\u0105cz\u0105c je z jazzow\u0105 improwizacj\u0105. Fot. Myra Ida van der Veen Utwory Siema Ziemia by\u0142y [&hellip;]<\/p>\n","protected":false},"author":1,"featured_media":0,"parent":12,"menu_order":0,"comment_status":"closed","ping_status":"closed","template":"","meta":{"footnotes":""},"class_list":["post-396","page","type-page","status-publish","hentry"],"_links":{"self":[{"href":"https:\/\/kalejdoskoprecords.com\/index.php?rest_route=\/wp\/v2\/pages\/396","targetHints":{"allow":["GET"]}}],"collection":[{"href":"https:\/\/kalejdoskoprecords.com\/index.php?rest_route=\/wp\/v2\/pages"}],"about":[{"href":"https:\/\/kalejdoskoprecords.com\/index.php?rest_route=\/wp\/v2\/types\/page"}],"author":[{"embeddable":true,"href":"https:\/\/kalejdoskoprecords.com\/index.php?rest_route=\/wp\/v2\/users\/1"}],"replies":[{"embeddable":true,"href":"https:\/\/kalejdoskoprecords.com\/index.php?rest_route=%2Fwp%2Fv2%2Fcomments&post=396"}],"version-history":[{"count":27,"href":"https:\/\/kalejdoskoprecords.com\/index.php?rest_route=\/wp\/v2\/pages\/396\/revisions"}],"predecessor-version":[{"id":15068,"href":"https:\/\/kalejdoskoprecords.com\/index.php?rest_route=\/wp\/v2\/pages\/396\/revisions\/15068"}],"up":[{"embeddable":true,"href":"https:\/\/kalejdoskoprecords.com\/index.php?rest_route=\/wp\/v2\/pages\/12"}],"wp:attachment":[{"href":"https:\/\/kalejdoskoprecords.com\/index.php?rest_route=%2Fwp%2Fv2%2Fmedia&parent=396"}],"curies":[{"name":"wp","href":"https:\/\/api.w.org\/{rel}","templated":true}]}}

<p>Elektroakustyczny kwartet czerpiący energię z kolektywnej improwizacji.<br>Muzyka Siema Ziemia swobodnie czerpie z gatunków o elektronicznych korzeniach<br>takich jak breakbeat, techno, footwork/juke łącząc je z jazzową improwizacją.</p>



<figure class="wp-block-image size-large"><img loading="lazy" decoding="async" width="1024" height="683" src="https://kalejdoskoprecords.com/wp-content/uploads/2024/03/photo3-Myra_Ida-van-der-Veen-1024x683.jpeg" alt="" class="wp-image-15036" srcset="https://kalejdoskoprecords.com/wp-content/uploads/2024/03/photo3-Myra_Ida-van-der-Veen-1024x683.jpeg 1024w, https://kalejdoskoprecords.com/wp-content/uploads/2024/03/photo3-Myra_Ida-van-der-Veen-300x200.jpeg 300w, https://kalejdoskoprecords.com/wp-content/uploads/2024/03/photo3-Myra_Ida-van-der-Veen-768x512.jpeg 768w, https://kalejdoskoprecords.com/wp-content/uploads/2024/03/photo3-Myra_Ida-van-der-Veen-1536x1024.jpeg 1536w, https://kalejdoskoprecords.com/wp-content/uploads/2024/03/photo3-Myra_Ida-van-der-Veen-2048x1365.jpeg 2048w, https://kalejdoskoprecords.com/wp-content/uploads/2024/03/photo3-Myra_Ida-van-der-Veen-750x500.jpeg 750w, https://kalejdoskoprecords.com/wp-content/uploads/2024/03/photo3-Myra_Ida-van-der-Veen-400x267.jpeg 400w, https://kalejdoskoprecords.com/wp-content/uploads/2024/03/photo3-Myra_Ida-van-der-Veen-430x287.jpeg 430w, https://kalejdoskoprecords.com/wp-content/uploads/2024/03/photo3-Myra_Ida-van-der-Veen-150x100.jpeg 150w, https://kalejdoskoprecords.com/wp-content/uploads/2024/03/photo3-Myra_Ida-van-der-Veen-100x67.jpeg 100w, https://kalejdoskoprecords.com/wp-content/uploads/2024/03/photo3-Myra_Ida-van-der-Veen-800x533.jpeg 800w" sizes="auto, (max-width: 1024px) 100vw, 1024px" /></figure>



<p>Fot. Myra Ida van der Veen</p>



<p>Utwory Siema Ziemia były prezentowane w takich stacjach radiowych jak BBC 6,<br>Worldwide.fm, Narr Radio, Polskie Radio Dwójka, Polskie Radio Czwórka, Radio Jazz.fm,<br>Paranoise Radio, Radio Alhara, Melodic Distraction [ID miesiąca], czy na oficjalnych<br>playlistach Spotify: State of Jazz, 21st Century Jazz, The New Vanguard of Polish Jazz,<br>Alternatywna Polska, Fresh Finds wśród takich artystów jak Kamasi Washington czy<br>Comet is Coming.<br>Występowali między innymi na London Jazz Festival, Warsaw Summer Jazz Days,<br>Soundrive Festival, Amsterdam Dance Event, Jazz Jamboree a także w takich miejscach<br>jak NFM, NOSPR, Jassmine, Le Periscope (FR) czy Bimhuis (NL).<br></p>



<p class="has-text-align-left" style="font-style:normal;font-weight:400">Kacper Krupa &#8211; sax, synths </p>



<p class="has-text-align-left" style="font-style:normal;font-weight:400">Wuja HZG &#8211; bass, moog<br>Fryderyk Szulgit &#8211; guitar, synth </p>



<p class="has-text-align-left" style="font-style:normal;font-weight:400">Konieczny &#8211; drums, synths</p>



<p></p>



<p></p>



<p>[…] w Polsce nie widzę wielkiej konkurencji w takim stylu grania. Ale tym, co jest tu<br>kropką na „i”, wykracza poza orbitę porównań i inspiracji, są umiejętności<br>kształtowania brzmienia przez całą czwórkę w procesie improwizacji.<br>Mamy do czynienia z bytem gdzieś z przecięcia sceny jazzowej i elektronicznej<br>sceny tanecznej. A w najlepszych momentach – nie wiadomo już dokładnie skąd.</p>



<p>Bartek Chaciński / polifonia.blog.polityka.pl/<br>——————<br>Czterdzieści trzy minuty drugiego longplay’a Siema Ziemi to naszpikowana<br>pomysłami i finezją wykonawczą podróż przez potężną ilość przeżyć<br>Bartek Woynicz / Nowamuzyka.pl<br>——————<br>Różnorodność podjętych wątków obezwładnia, ale też stanowi o sile tego<br>wydawnictwa, bo mimo że każdy utwór wywodzi się z nieco innej parafii, to całość<br>świetnie się skleja i wszystkie te planety do siebie pasują.<br>Dużo się tu dzieje, a jednocześnie nie ma miejsca na nudę i gdy już wydaje się, że<br>nic nas nie zaskoczy, to muzycy wyskakują z kolejnym pomysłem, wykręcając<br>brzmienie pobudzające wyobraźnię jak hollywoodzkie filmy o podróżach<br>międzygwiezdnych.<br>Piotr Chęciński / przesyt.substack.com</p>



<p></p>



<p></p>



<p>Website: https://www.siemaziemia.com /// https://www.instagram.com/siemaziemia/<br>Booking: siemaziemia@protonmail.com / dk@kalejdoskoprecords.com<br>Dawid +48 695 730 370 / Kacper +48 530 876 368</p>

<p>Elektroakustyczny kwartet czerpiący energię z kolektywnej improwizacji.Muzyka Siema Ziemia swobodnie czerpie z gatunków o elektronicznych korzeniachtakich jak breakbeat, techno, footwork/juke łącząc je z jazzową improwizacją. Fot. Myra Ida van der Veen Utwory Siema Ziemia były [&hellip;]</p>
