{"id":14877,"date":"2023-12-27T18:23:53","date_gmt":"2023-12-27T17:23:53","guid":{"rendered":"https:\/\/kalejdoskoprecords.com\/?post_type=product&#038;p=14877"},"modified":"2026-01-19T12:06:30","modified_gmt":"2026-01-19T11:06:30","slug":"lona-konieczny-krupa-taxi-lp","status":"publish","type":"product","link":"https:\/\/kalejdoskoprecords.com\/?product=lona-konieczny-krupa-taxi-lp","title":{"rendered":"\u0141ona\/Konieczny\/Krupa &#8211; TAXI LP"},"content":{"rendered":"<p>&#8220;TAXI&#8221; to opowie\u015b\u0107 o \u015bwiecie widzianym z perspektywy taks\u00f3wki. Tw\u00f3rcy postanowili uchwyci\u0107 poetyk\u0119 miasta, na kt\u00f3r\u0105 sk\u0142adaj\u0105 si\u0119 historie jego mieszka\u0144c\u00f3w \u2014 wiele z tych opowie\u015bci s\u0142ysz\u0105 i obserwuj\u0105 kierowcy taks\u00f3wek podczas swojej codziennej pracy. Tw\u00f3rcy pod\u0105\u017cyli wi\u0119c szlakiem kultowych taks\u00f3wkarskich miejsc\u00f3wek, rozmawiali z kierowcami taxi i ubera, je\u017adzili taryf\u0105 tropi\u0105c nocne historie, ba, \u0141ona zaliczy\u0142 kr\u00f3tki epizod jako kierowca. Wysz\u0142a z tego wci\u0105gaj\u0105ca podr\u00f3\u017c, w kt\u00f3rej znajdziemy odbicie transformacji kulturowej, wsp\u00f3\u0142czesnych konflikt\u00f3w, czy te\u017c sentymentalnych lub zabawnych historii rodem z film\u00f3w Jarmuscha.<\/p>\n<p>Prace nad Albumem zainicjowane zosta\u0142y przy okazji projektu spo\u0142eczno-artystycznego prowadzonego przez Zuzann\u0119 G\u0142owack\u0105, kt\u00f3rego pocz\u0105tki si\u0119gaj\u0105 6. edycji festiwalu sztuk spo\u0142ecznych OFF Opera (czerwiec 2020).<\/p>\n<p>Track lista:<br \/>\n1. Nie Poszed\u0142em<br \/>\n2. Jedziesz<br \/>\n3. Kocyk<br \/>\n4. Biegnij!<br \/>\n5. Godzina Wilka<br \/>\n6. Kimaj<br \/>\n7. Kiedy\u015b To By\u0142o<br \/>\n8. Kol\u0119da<br \/>\n9. 10 Pyta\u0144<br \/>\n10. Pan Darek (Ft. Siema Ziemia)<br \/>\n11. \u017beby Nie Sk\u0142ama\u0107<\/p>\n","protected":false},"excerpt":{"rendered":"<p>&#8220;TAXI&#8221; to opowie\u015b\u0107 o \u015bwiecie widzianym z perspektywy taks\u00f3wki. Tw\u00f3rcy postanowili uchwyci\u0107 poetyk\u0119 miasta, na kt\u00f3r\u0105 sk\u0142adaj\u0105 si\u0119 historie jego mieszka\u0144c\u00f3w \u2014 wiele z tych opowie\u015bci s\u0142ysz\u0105 i obserwuj\u0105 kierowcy taks\u00f3wek podczas swojej codziennej pracy. Tw\u00f3rcy pod\u0105\u017cyli wi\u0119c szlakiem kultowych taks\u00f3wkarskich miejsc\u00f3wek, rozmawiali z kierowcami taxi i ubera, je\u017adzili taryf\u0105 tropi\u0105c nocne historie, ba, \u0141ona zaliczy\u0142 kr\u00f3tki epizod jako kierowca. Wysz\u0142a z tego wci\u0105gaj\u0105ca podr\u00f3\u017c, w kt\u00f3rej znajdziemy odbicie transformacji kulturowej, wsp\u00f3\u0142czesnych konflikt\u00f3w, czy te\u017c sentymentalnych lub zabawnych historii rodem z film\u00f3w Jarmuscha.<\/p>\n","protected":false},"featured_media":14878,"comment_status":"closed","ping_status":"closed","template":"","meta":[],"product_brand":[],"product_cat":[11],"product_tag":[],"class_list":{"0":"post-14877","1":"product","2":"type-product","3":"status-publish","4":"has-post-thumbnail","6":"product_cat-vinyl","7":"product_shipping_class-vinyl","9":"first","10":"outofstock","11":"taxable","12":"shipping-taxable","13":"purchasable","14":"product-type-simple"},"_links":{"self":[{"href":"https:\/\/kalejdoskoprecords.com\/index.php?rest_route=\/wp\/v2\/product\/14877","targetHints":{"allow":["GET"]}}],"collection":[{"href":"https:\/\/kalejdoskoprecords.com\/index.php?rest_route=\/wp\/v2\/product"}],"about":[{"href":"https:\/\/kalejdoskoprecords.com\/index.php?rest_route=\/wp\/v2\/types\/product"}],"replies":[{"embeddable":true,"href":"https:\/\/kalejdoskoprecords.com\/index.php?rest_route=%2Fwp%2Fv2%2Fcomments&post=14877"}],"wp:featuredmedia":[{"embeddable":true,"href":"https:\/\/kalejdoskoprecords.com\/index.php?rest_route=\/wp\/v2\/media\/14878"}],"wp:attachment":[{"href":"https:\/\/kalejdoskoprecords.com\/index.php?rest_route=%2Fwp%2Fv2%2Fmedia&parent=14877"}],"wp:term":[{"taxonomy":"product_brand","embeddable":true,"href":"https:\/\/kalejdoskoprecords.com\/index.php?rest_route=%2Fwp%2Fv2%2Fproduct_brand&post=14877"},{"taxonomy":"product_cat","embeddable":true,"href":"https:\/\/kalejdoskoprecords.com\/index.php?rest_route=%2Fwp%2Fv2%2Fproduct_cat&post=14877"},{"taxonomy":"product_tag","embeddable":true,"href":"https:\/\/kalejdoskoprecords.com\/index.php?rest_route=%2Fwp%2Fv2%2Fproduct_tag&post=14877"}],"curies":[{"name":"wp","href":"https:\/\/api.w.org\/{rel}","templated":true}]}}