{"id":15863,"date":"2025-11-28T15:05:28","date_gmt":"2025-11-28T14:05:28","guid":{"rendered":"https:\/\/kalejdoskoprecords.com\/?post_type=product&#038;p=15863"},"modified":"2026-01-30T12:41:08","modified_gmt":"2026-01-30T11:41:08","slug":"15863","status":"publish","type":"product","link":"https:\/\/kalejdoskoprecords.com\/?product=15863","title":{"rendered":"Senny &#8211; prawie dobrze (CD)"},"content":{"rendered":"<p>TRACKLISTA<\/p>\n<p>1 prawie dobrze (intro)<\/p>\n<p>2 sobie najtrudniej<\/p>\n<p>3 mo\u017ce jutro<\/p>\n<p>4 by\u0107 cool<\/p>\n<p>5 Mark S<\/p>\n<p>6 modl\u0119 si\u0119 o nic<\/p>\n<p>7 jakby co, to dzwo\u0144<\/p>\n<p>8 demo domu<\/p>\n<p>9 chc\u0119 z Tob\u0105 i\u015b\u0107 do \u0142\u00f3\u017cka<\/p>\n<p>10 kto\u015b obcy<\/p>\n<p>11 kto\u015b obcy (outro)<\/p>\n<p>12 wygaszacz ekranu<\/p>\n<p>13 chaber b\u0142awatek<\/p>\n","protected":false},"excerpt":{"rendered":"<p>Po dobrze przyj\u0119tej EPce \u201cpustostany\u201d (2023) przyszed\u0142 czas na debiutancki d\u0142ugograj\u0105cy album Sennego.<\/p>\n<p>Zebrane na \u201eprawie dobrze\u201d piosenki rysuj\u0105 portret m\u0142odej osoby w konfrontacji z doros\u0142o\u015bci\u0105: od zderzenia z rynkiem pracy, przez diagnozy i terapie, po pierwsze dojrza\u0142e zwi\u0105zki i przeprowadzki. Mimo pozornie uniwersalnych temat\u00f3w, to album g\u0142\u0119boko osobisty \u2014 przesi\u0105kni\u0119ty zm\u0119czeniem, niedoczasem i kr\u00f3tkimi, ale powracaj\u0105cymi przeb\u0142yskami nadziei. To historia o poszukiwaniu dobrostanu i odkrywaniu kolejnych zaniedbanych obszar\u00f3w. Wielkie porz\u0105dki w g\u0142owie. Niezr\u0119cznie szczera introspekcja.<\/p>\n<p>Ca\u0142o\u015b\u0107 spina wsp\u00f3lny mianownik ciep\u0142ego, otulaj\u0105cego brzmienia, eksperyment\u00f3w z harmoni\u0105 i form\u0105 oraz autentyczny charakter nagra\u0144 zarejestrowanych w wynajmowanym mieszkaniu. Klasyczny songwriting miesza si\u0119 tutaj z nowoczesnym podej\u015bciem do produkcji.<\/p>\n<p>Najwi\u0119kszymi inspiracjami podczas pracy nad p\u0142yt\u0105 by\u0142y: ksi\u0105\u017cka \u201cSzczeliny istnienia\u201d, zakupy spo\u017cywcze i chroniczne niewyspanie. To zdecydowanie p\u0142yta na trudniejszy czas w \u017cyciu.<\/p>\n","protected":false},"featured_media":15867,"comment_status":"closed","ping_status":"closed","template":"","meta":[],"product_brand":[],"product_cat":[8],"product_tag":[],"class_list":{"0":"post-15863","1":"product","2":"type-product","3":"status-publish","4":"has-post-thumbnail","6":"product_cat-cd","7":"product_shipping_class-cd","9":"first","10":"instock","11":"featured","12":"taxable","13":"shipping-taxable","14":"purchasable","15":"product-type-simple"},"_links":{"self":[{"href":"https:\/\/kalejdoskoprecords.com\/index.php?rest_route=\/wp\/v2\/product\/15863","targetHints":{"allow":["GET"]}}],"collection":[{"href":"https:\/\/kalejdoskoprecords.com\/index.php?rest_route=\/wp\/v2\/product"}],"about":[{"href":"https:\/\/kalejdoskoprecords.com\/index.php?rest_route=\/wp\/v2\/types\/product"}],"replies":[{"embeddable":true,"href":"https:\/\/kalejdoskoprecords.com\/index.php?rest_route=%2Fwp%2Fv2%2Fcomments&post=15863"}],"wp:featuredmedia":[{"embeddable":true,"href":"https:\/\/kalejdoskoprecords.com\/index.php?rest_route=\/wp\/v2\/media\/15867"}],"wp:attachment":[{"href":"https:\/\/kalejdoskoprecords.com\/index.php?rest_route=%2Fwp%2Fv2%2Fmedia&parent=15863"}],"wp:term":[{"taxonomy":"product_brand","embeddable":true,"href":"https:\/\/kalejdoskoprecords.com\/index.php?rest_route=%2Fwp%2Fv2%2Fproduct_brand&post=15863"},{"taxonomy":"product_cat","embeddable":true,"href":"https:\/\/kalejdoskoprecords.com\/index.php?rest_route=%2Fwp%2Fv2%2Fproduct_cat&post=15863"},{"taxonomy":"product_tag","embeddable":true,"href":"https:\/\/kalejdoskoprecords.com\/index.php?rest_route=%2Fwp%2Fv2%2Fproduct_tag&post=15863"}],"curies":[{"name":"wp","href":"https:\/\/api.w.org\/{rel}","templated":true}]}}